reatest common divisor of o and 33?
33
Let q(a) = 15*a + 102. Let w be q(-4). Calculate the highest common factor of w and 336.
42
Suppose 27*k = -10*k + 52540. Calculate the highest common divisor of 40 and k.
20
Let b = 318 - 129. Suppose b = 10*c - 3*c. What is the greatest common divisor of 9 and c?
9
Let n = 149 - 42. Suppose -x = -36 - n. What is the greatest common divisor of 13 and x?
13
Let y(c) = c**3 + 9*c**2 + 7*c - 3. Let n be y(-8). Suppose o = -n*g + 258, 0 = o + 2*g - 77 - 178. What is the highest common divisor of 23 and o?
23
Let u be 40/3*3/(-1). Let w = u - -68. Calculate the highest common divisor of w and 70.
14
Suppose 2*d + 960 = 1336. Calculate the greatest common divisor of d and 470.
94
Let z = -467 + 470. Let d be 183/12 - (-4)/(-16). Calculate the greatest common divisor of d and z.
3
Suppose i = -2*i + 9. Let o(j) = 11*j + 0*j**2 - 4*j**2 - 5*j**2 + 2*j**i - j**3 - 3. Let b be o(8). Calculate the greatest common factor of b and 84.
21
Suppose -14 = -2*v + 2*n, -3*v - 30 = -5*v - 2*n. Suppose -17 = 25*h - 292. What is the greatest common divisor of v and h?
11
Let f be 22 - (-7)/(21/6). Let t be -2 - -2 - -1*2. Suppose m - 238 = t. What is the highest common divisor of m and f?
24
Let v(d) = 818*d**2 - 16*d + 30. Let m be v(2). Calculate the greatest common factor of 30 and m.
30
Let i(s) = s**3 - 5*s**2 - 4*s - 7. Let u be i(3). Let q = u + 51. Let y be 15 - (-2)/(-3 + 1). What is the greatest common factor of y and q?
14
Let z be (0 + 0)*1/(-2). Let i = -16 + 19. Suppose i*p - 7*p + 16 = 2*d, 5*p - 5 = z. What is the greatest common factor of d and 12?
6
Suppose 29508 = 6*k + 9648. What is the highest common factor of 10 and k?
10
Let l(v) = -2*v**2 - 10*v + 7. Let u be l(-3). Calculate the highest common divisor of u and 57.
19
Let f(u) = -u**3 - 3*u**2 - 2*u. Let k be f(-2). Suppose -2*z + 5*z + 3 = k. Let b be (z - -16)*40/30. What is the greatest common factor of 140 and b?
20
Suppose w + 4*s - 7 - 1 = 0, 5*w = -s + 2. Let u be 6 + w/(-2 - -6). Let z = -60 + 90. Calculate the highest common factor of z and u.
6
Let c(d) = 3*d**3 + 7*d**2 + 7*d - 7. Let r be c(-7). Let g = -434 - r. Calculate the greatest common factor of g and 28.
28
Suppose 47*f = 59*f - 480. Calculate the greatest common divisor of f and 20.
20
Let v(x) = x**3 + x**2 - x - 1. Let o be v(2). Let j be (11/22)/(2/24). What is the highest common factor of j and o?
3
Suppose -9*f + 36*f = 351. Suppose -r = -3*r + 234. What is the highest common factor of r and f?
13
Suppose -619 = -145*c + 976. Let t be 0 + (-1 - -2) - -10. What is the greatest common divisor of c and t?
11
Let r(b) = 16*b + 14 - 8 - 2. Let l be r(2). What is the greatest common factor of 90 and l?
18
Suppose 4*r + 35 = 4*d - 65, -2*d - r = -47. What is the highest common factor of 660 and d?
12
Let t(p) = 2*p**2 + p + 100. Let n be t(0). Suppose -25*c = -20*c - n. What is the highest common factor of 10 and c?
10
Let h(t) = t**3 - 7*t**2 + t + 29. Let j be h(6). Let l = j + 23. Calculate the highest common factor of l and 154.
22
Suppose -i + 3*v - 20 = 5, -2*v = 5*i + 74. Let c = -7 - i. Suppose -6 + c = 3*s. What is the greatest common divisor of s and 7?
1
Let n be -4*1 + -8 + 48/3. What is the highest common factor of 10 and n?
2
Let q be 40*((-3)/2)/(-3). Let g(a) = 2*a**3 + 32*a**2 + 123*a - 19. Let u be g(-9). What is the highest common factor of u and q?
4
Suppose -4*s = x + x - 42, 2*s = 4*x - 54. Calculate the greatest common factor of 33 and x.
3
Let j = 338 - 281. Calculate the greatest common divisor of j and 76.
19
Suppose 299*v - 300*v = 4*q - 150, v + 2*q = 150. What is the highest common factor of v and 1425?
75
Let r(k) = -20*k + 306. Let m be r(15). What is the greatest common divisor of m and 32?
2
Let h be -3 + (-6)/(-48) + 270/16. Suppose 5*s - 2*o - 28 = 0, s + 2*o - h = -s. Calculate the greatest common divisor of s and 42.
6
Let o = 6 + 3. Let n = 3 - o. Let r be (-39)/n + 6/(-12). What is the greatest common factor of 24 and r?
6
Let y(z) = -16*z - 5. Let d be ((-16)/20)/((-8)/(-20)). Let x be y(d). What is the highest common factor of x and 3?
3
Let x be (395 - -1)*(-3)/(-6). Let m(b) = 2*b**2 - 5*b - 30. Let n be m(7). Calculate the greatest common divisor of n and x.
33
Let q be 187/3 - (-4)/6. Let p = 1 - -4. Suppose p*g = 4*h - 143, -261 + 46 = -5*h - g. What is the highest common factor of h and q?
21
Suppose -277 = -4*o + 3*m, o - 5*m - 283 = -3*o. Calculate the highest common divisor of 603 and o.
67
Suppose -36*n + 4944 = -348. What is the highest common divisor of 21 and n?
21
Suppose 3*x - 90 = -r + 8, -5*r = -25. What is the greatest common factor of x and 1519?
31
Let w = -11 + 14. Suppose w*y = 4*s, -3*y = 3*s - y - 17. Suppose -45 = -3*l + 3*n, 45 = s*l - 4*n - 0*n. What is the highest common divisor of 3 and l?
3
Suppose t = 4*v - 44, -2*v - 5*t = -4*t - 22. Let o(i) = -i**2 + 5*i - 3. Let p be o(7). Let l = p + 28. What is the highest common divisor of l and v?
11
Let f be -34*(-5)/10 - (2 + -1). Let r be (2 - 3)/(3/48*-1). Calculate the highest common factor of r and f.
16
Suppose 3*z - 3*q - 33 = 0, -5*q = -0*z - 2*z + 37. Let r = -13 - -76. Let t = -48 + r. What is the greatest common divisor of t and z?
3
Suppose -4*n = -10 - 2. Suppose 4*g = 12, -x - 8 + 21 = n*g. What is the highest common factor of 4 and x?
4
Let a(r) = -5*r**2 + 91*r + 30. Let y be a(18). Calculate the highest common divisor of 176 and y.
16
Suppose 0 = -5*p + 2*p - 3*i - 351, -3*p + i - 351 = 0. Let s = p - -7. Let b = 245 + s. Calculate the greatest common divisor of b and 15.
15
Let n(o) = -3*o - 3. Let x be n(-10). Suppose -3*q + 7 = -20. What is the highest common divisor of q and x?
9
Let m be (-3 - -2)/(-2)*6. Suppose -2 = -m*u + 2*u. Let d be ((-3)/u)/((-2)/4). What is the greatest common divisor of 27 and d?
3
Let p = -14 + 14. Suppose 154 = -p*q + 7*q. Calculate the greatest common factor of q and 55.
11
Suppose -3*z - 375 = -8*z. Let i(o) = 2*o**3 + 9*o**2 + o + 13. Let w be i(-4). What is the greatest common factor of z and w?
25
Suppose a + 5*s = 73 + 237, -3*s - 1438 = -5*a. What is the greatest common divisor of 30 and a?
10
Let k(v) = -6*v - 9 - v - 5. Let y be k(-5). Let t = y + -11. What is the highest common divisor of t and 10?
10
Let y(r) = -7*r - 2. Let v be y(-10). What is the greatest common divisor of v and 119?
17
Suppose -3*l + 214 = -g, 17*g = -3*l + 15*g + 202. Calculate the greatest common factor of 1610 and l.
70
Suppose -4*v + 7 + 1 = 0. Suppose -116 = -v*q + 60. What is the greatest common factor of q and 8?
8
Let g be ((-6)/8)/((-68)/1632). Suppose 4*f + 10 - 30 = 0. Suppose -x = -3*n - f*x + 598, 4*n - 787 = 5*x. What is the greatest common factor of g and n?
18
Let o(l) = l + 60. Let s be o(10). Let z be (0 - 1)*1 - -15. What is the highest common factor of s and z?
14
Let z = 1371 + -1364. What is the highest common factor of 721 and z?
7
Suppose 574 + 146 = 3*i. What is the greatest common divisor of 12 and i?
12
Suppose -9*r = -5*x - 8*r + 19348, 5*r = -2*x + 7750. Calculate the highest common factor of x and 129.
129
Suppose 2*o - 2 = o. Suppose -5*c + 5*t = -100, 3*c = c - o*t + 40. Let l = 104 - c. Calculate the highest common divisor of l and 21.
21
Let h(z) = -3*z - 2. Let a(r) = -2*r - 1. Let c(b) = 9*a(b) - 4*h(b). Let q be c(-1). What is the highest common factor of 15 and q?
5
Let z be 6 - (-2)/(10/(-15)). Suppose -z*u - u = -64. What is the greatest common factor of 12 and u?
4
Suppose -15*i = -642 - 93. What is the greatest common factor of 343 and i?
49
Let x be (-2 - (-42)/9)*(-231)/(-22). Calculate the highest common divisor of 203 and x.
7
Let p be (-392)/(-48) - 30/(-36). Calculate the greatest common factor of p and 387.
9
Let n(l) = l**2 + 5*l - 4. Let y be n(-5). Let s(v) = -145*v - 10 + 75*v + 66*v. Let a be s(y). Calculate the greatest common divisor of 15 and a.
3
Let o be (-1890)/525*440/(-3). Calculate the highest common divisor of 33 and o.
33
Let j = -208 + -19. Let w = 479 + j. What is the greatest common factor of 36 and w?
36
Let w be 868/16 + 2/(-8). Suppose -202 = 5*b - 2*k + k, 0 = 3*k - 6. Let m = b - -46. Calculate the greatest common factor of w and m.
6
Let q = -38 - -87. Calculate 